n base 10, what is 246194 + 4?
246198
In base 10, what is 790177 + 4?
790181
In base 16, what is -1e1 - -51?
-190
In base 3, what is -1010100220 - 2?
-1010100222
In base 9, what is 8 - -17036?
17045
In base 4, what is 321 - -11333333?
12000320
In base 13, what is 121b7 - 0?
121b7
In base 12, what is -5a - -5333?
5295
In base 2, what is -100000010100000 - -100?
-100000010011100
In base 14, what is -1 + 318a1?
318a0
In base 4, what is -233122 + -100?
-233222
In base 10, what is -17668 - -2?
-17666
In base 12, what is 181a + -7?
1813
In base 14, what is 8d4c4 - 1?
8d4c3
In base 14, what is 515c + -1?
515b
In base 12, what is 2 - -66345?
66347
In base 4, what is -22313 + -300?
-23213
In base 2, what is 11 - 10000011100100101001?
-10000011100100100110
In base 2, what is 101110100110101001 - 10?
101110100110100111
In base 4, what is 0 + -30302?
-30302
In base 13, what is -1575c - 2?
-15761
In base 7, what is -5201 - -24?
-5144
In base 4, what is 10 + -13133?
-13123
In base 14, what is -233050 + 3?
-23304b
In base 13, what is -a - -197?
18a
In base 7, what is -4435154 + -2?
-4435156
In base 5, what is -40 + -1104?
-1144
In base 7, what is -11521 - 14?
-11535
In base 12, what is 1a1 + -6b6?
-515
In base 15, what is c + -4e555?
-4e548
In base 16, what is -1 - 3fd8f?
-3fd90
In base 12, what is -a - -11b?
111
In base 12, what is 191 + 24?
1b5
In base 3, what is -100122111111 - 122?
-100122112010
In base 14, what is 71921d - 4?
719219
In base 3, what is 12 + -1011002?
-1010220
In base 9, what is -4 + -32802?
-32806
In base 10, what is 8383 + -1?
8382
In base 10, what is -63334 - 3?
-63337
In base 13, what is -10b58 + 3?
-10b55
In base 13, what is 142892 + 1?
142893
In base 6, what is -54030 - 3?
-54033
In base 8, what is -156 + 2146?
1770
In base 7, what is 12 - -412424?
412436
In base 14, what is 3 - -1847ad?
1847b2
In base 3, what is 112111 + -122210?
-10022
In base 2, what is -100 - 101001100011011111010?
-101001100011011111110
In base 11, what is 712 - -451?
1063
In base 14, what is -522 + 25?
-4db
In base 4, what is 1002 + 133231?
200233
In base 13, what is -16766 - -4?
-16762
In base 10, what is -6 - 80837?
-80843
In base 2, what is -110000011 + -1101011110?
-10011100001
In base 8, what is -2270433 - -4?
-2270427
In base 8, what is 10 - -66503?
66513
In base 8, what is 17000 - -2?
17002
In base 2, what is -1111011100011 + 1001001?
-1111010011010
In base 11, what is 17 + -600?
-594
In base 11, what is -6 - 3789?
-3794
In base 9, what is -6 + 60166?
60160
In base 13, what is -19 + 971?
955
In base 5, what is -2203303 - 101?
-2203404
In base 12, what is b5 + -248?
-153
In base 3, what is -12 - 202202220?
-202210002
In base 9, what is 0 + -181523?
-181523
In base 15, what is 174a0 + -5?
1749a
In base 4, what is 31132 + 12212?
110010
In base 10, what is -4 - 29811?
-29815
In base 15, what is -1581 - -22?
-155e
In base 15, what is -104 - c6a?
-d6e
In base 3, what is 11002 - 210011012?
-210000010
In base 2, what is -1111000000011111 - -100?
-1111000000011011
In base 15, what is -4 - -769ac?
769a8
In base 6, what is 103 - -11114?
11221
In base 10, what is -5 - 86?
-91
In base 10, what is 81124 - 0?
81124
In base 14, what is -3d - -78c?
74d
In base 12, what is -441 + -313?
-754
In base 2, what is 10111001001 - -101010100?
11100011101
In base 15, what is -23ae + -5?
-23b4
In base 7, what is 1306 - 12?
1264
In base 5, what is -1400213324 + -3?
-1400213332
In base 8, what is 250476 + -2?
250474
In base 7, what is 14 - 6111?
-6064
In base 6, what is 15 - -53245?
53304
In base 4, what is 20 + 11212?
11232
In base 7, what is 135 + -251454?
-251316
In base 7, what is 42313 - -13?
42326
In base 5, what is 340040111 - 0?
340040111
In base 5, what is 12214142 + -1?
12214141
In base 12, what is -13 + 216a?
2157
In base 9, what is -3 - -502328?
502325
In base 4, what is 20102 + -2?
20100
In base 3, what is -22 + -220220110?
-220220202
In base 15, what is 123e - 18?
1226
In base 4, what is -320110313 - 2?
-320110321
In base 9, what is -3 - -135625?
135622
In base 2, what is 11 + -110011100100?
-110011100001
In base 14, what is 5504 - -5?
5509
In base 16, what is 18 + 84b?
863
In base 4, what is 10 + -11210?
-11200
In base 10, what is 168888 + 2?
168890
In base 11, what is -9 - -127?
119
In base 15, what is -e67 + 7?
-e60
In base 16, what is 2 + 2e89?
2e8b
In base 13, what is -5 + 7bc15?
7bc10
In base 9, what is -1812 + 276?
-1525
In base 8, what is 2 - 334351?
-334347
In base 7, what is -3 + 1033524?
1033521
In base 10, what is -1915 + 124?
-1791
In base 15, what is 4b + 964?
9b0
In base 14, what is 21531 - -3?
21534
In base 9, what is 2 + -143005?
-143003
In base 9, what is -31 + 607?
566
In base 5, what is 1431241 - 103?
1431133
In base 12, what is -8b0 - 24?
-914
In base 12, what is -786 - 5?
-78b
In base 3, what is -110010000 - 100011?
-110110011
In base 11, what is -66 + 6280?
6215
In base 8, what is -112 + 5541?
5427
In base 16, what is 8f + -207?
-178
In base 15, what is -22941 - 5?
-22946
In base 5, what is 120 - 21334421?
-21334301
In base 7, what is 2221301 + -4?
2221264
In base 9, what is -107 - 17432?
-17540
In base 8, what is 241 - -11430?
11671
In base 5, what is 104 + -104423?
-104314
In base 8, what is 4 + 63502?
63506
In base 4, what is -10203001 - 1?
-10203002
In base 5, what is -141024 - -2?
-141022
In base 10, what is 1 - 67496?
-67495
In base 8, what is -2072 + -32?
-2124
In base 5, what is -11312 + 2031?
-4231
In base 16, what is 5 - -30a1?
30a6
In base 15, what is -6 - 393?
-399
In base 14, what is 22779 + 53?
227cc
In base 6, what is 12 + -1500005?
-1455553
In base 5, what is 244122 + -132?
243440
In base 6, what is 31 - 40001?
-35530
In base 5, what is -13302201 - -4?
-13302142
In base 6, what is 2 + -32052?
-32050
In base 3, what is 22 + -202202101?
-202202002
In base 6, what is -4 + 325450?
325442
In base 14, what is -65d - 3?
-662
In base 6, what is -153 + 221235?
221042
In base 12, what is -a8b + -9a8?
-1877
In base 10, what is -7 + 428383?
428376
In base 10, what is 2 - 26460?
-26458
In base 5, what is -3140433 + 2?
-3140431
In base 10, what is 8033 + 319?
8352
In base 5, what is -1 + -13421330?
-13421331
In base 2, what is 10 - 10000001110?
-10000001100
In base 16, what is 1 + 1263f8?
1263f9
In base 8, what is 1007 - 250?
537
In base 16, what is 239 + -375?
-13c
In base 13, what is -1 - -104c5?
104c4
In base 16, what is -4 - 12032?
-12036
In base 11, what is 39a - 7679?
-728a
In base 16, what is -a97 - 1?
-a98
In base 7, what is -2 - 114640?
-114642
In base 7, what is 1463 + -1645?
-152
In base 13, what is -2 - 649b2?
-649b4
In base 13, what is 5b - -647?
6a5
In base 13, what is -592b9 - 2?
-592bb
In base 5, what is 1 + -311400?
-311344
In base 9, what is 52013 - 0?
52013
In base 10, what is -302 + -3320?
-3622
In base 5, what is 1402012 + -313?
1401144
In base 5, what is 1 + -322443?
-322442
In base 6, what is 244024 - 341?
243243
In base 3, what is 11110012101221 - 0?
11110012101221
In base 3, what is -21100 - 11221?
-110021
In base 2, what is -100110001111100101 + -11?
-100110001111101000
In base 11, what is 12 - 1245?
-1233
In base 10, what is 4 + -109811?
-109807
In base 4, what is -3 - -212003?
212000
In base 13, what is -429c4 - -4?
-429c0
In base 2, what is -110000100 - -110111111?
111011
In base 5, what is -3 - 34341?
-34344
In base 14, what is -2 - 3a268?
-3a26a
In base 16, what is -6 - c87?
-c8d
In base 2, what is 11011100100000 + 11?
11011100100011
In base 7, what is -315 + -6343?
-6661
In base 12, what is -4 + 1092ab?
1092a7
In base 16, what is -2 + c036?
c034
In base 9, what is -2761 + 843?
-1817
In base 4, what is -1231120003 - 2?
-1231120011
In base 2, what is 11110110100101011110 + -11?
11110110100101011011
In base 6, what is -1515230 + -3?
-1515233
In base 13, what is 4 - 3276?
-3272
In base 7, what is 325245 + 30?
325305
In base 15, what is -129 + -61d?
-747
In base 12, what is 54287 - -2?
54289
In base 4, what is -330332 + -31?
-331023
In base 7, what is 0 + -4136614?
-4136614
In base 8, what is 1211355 - -2?
1211357
In base 11, what is 94a7 - -1?
94a8
In base 16, what is -454 + -268?
-6bc
In base 2, what is -10110110001 + -1010?
-10110111011
In base 7, what is -1222610 - 15?
-1222625
In base 4, what is 113020 + -11